umber?
False
Let w be (-1 - 0)/((-2)/22). Suppose -61 = 5*y - w. Let q = 129 + y. Is q composite?
True
Is 4 + -16 + 7 + 4539 a composite number?
True
Is (1 - -7)*18853/68 composite?
True
Let y be 1 - (-2 + 501) - 1. Let p = -191 - y. Let x = p - 199. Is x a composite number?
False
Let x = 21 - 23. Is (x + 4)/((-18)/(-6309)) a composite number?
False
Is ((-2)/(-4))/(((-20)/(-27656))/5) prime?
True
Suppose -o + 39 = 5*h, -13 + 33 = 4*h - 2*o. Let d(y) = -y + 13. Let f be d(10). Suppose 2*x + 2*v = 184, -f*v + 462 = h*x - 2*x. Is x prime?
False
Suppose 17*j - 19054 - 41415 = 0. Is j a prime number?
True
Let i = 9072 + 4247. Is i prime?
False
Suppose 2*x + 4 = x. Let z be 1606/x*(-1 + -1). Let g = -262 + z. Is g a prime number?
True
Suppose x = 372 + 1093. Suppose -3*b - 2*b = -x. Suppose f - 3*f + 186 = z, -3*f + b = 5*z. Is f composite?
True
Is (-2)/((-153)/157 - -1)*-10 a prime number?
False
Let r = 34 + 385. Is r composite?
False
Let n(o) = -10*o - 1 + 44*o**2 + 6 + 8*o. Is n(4) prime?
True
Suppose 2*j - 20603 = -649. Is j prime?
False
Suppose 2*u + 3*u + 1426 = -2*t, 0 = u - 5*t + 296. Let b = u + 105. Let i = -114 - b. Is i a composite number?
False
Let d = -6 - -13. Let c(y) = 289*y - 44. Let l(r) = 58*r - 9. Let p(q) = -2*c(q) + 11*l(q). Is p(d) composite?
False
Suppose -4*x = -2*w + 3*w - 22959, -w + 22984 = -x. Is w a composite number?
True
Let w(z) = 4063*z + 30. Is w(3) composite?
True
Let m(u) = -u**3 + u**2 - u + 6. Let c be m(0). Suppose c*g - g = 5*j - 1895, 0 = -3*j + 4*g + 1137. Is j composite?
False
Let f be (-3 - -5) + (2 - -1). Let r(b) = 150*b + 6. Let x be r(f). Suppose l + 185 = x. Is l a prime number?
True
Let g = -129 + 132. Suppose -g*i - 92 - 4767 = -2*h, 3*h = -2*i + 7321. Is h prime?
True
Suppose -5*x + 22 = -8. Is 3/6 - x*956/(-16) composite?
False
Let u(w) = -w**3 - 4*w**2 + 11*w - 3. Let h be u(-6). Is (109/2)/(h/42) prime?
False
Let l(x) = x**3 - 6*x**2 - 8*x + 7. Let k be l(7). Let m = 22 - 19. Suppose -5*n + 0*n + m*o + 1960 = 0, -5*o - 25 = k. Is n prime?
True
Let a = 84328 + -37373. Is a a prime number?
False
Let o be (1 - 1 - 158)*(-14)/4. Suppose -235 = 2*t - 4*m - 1305, -t + o = 4*m. Is t a composite number?
False
Let l be (-4)/4*-3 + 2. Suppose 3*x = -2*a + l*a - 8631, 3*a = -3*x - 8625. Is 1/(8624/x - -3) prime?
True
Suppose c = 3, -2*i + 131 + 35 = -2*c. Is i a prime number?
False
Suppose -4*b = b - 80. Suppose -3*w - b = w. Let k(y) = 9*y**2 - 2*y + 5. Is k(w) a composite number?
False
Let f(u) = 58*u - 7. Suppose p - 2*p + 10 = 0. Is f(p) composite?
True
Let d = 347 - 211. Let a be (-6)/(-30) + ((-2808)/20)/(-3). Let h = d - a. Is h prime?
True
Is (-2)/6*(-2 - -1)*56409 a prime number?
True
Suppose 41*x - 52*x + 23749 = 0. Is x composite?
True
Let h(t) = -t**3 + 4*t**2 + 8*t + 2. Suppose 6*d = 4*d + 2. Let x(k) = -k**2 + 1. Let v(g) = d*h(g) + 4*x(g). Is v(-7) a composite number?
False
Let b be 396/16 - (0 + (-3)/(-4)). Suppose b*o - 30*o = -708. Is o a composite number?
True
Let u(y) = 3979*y + 92. Is u(3) a prime number?
False
Let f be ((-156)/(-30) - 4)*(-80)/(-3). Is f/4 + -5 + 465 + 1 prime?
False
Is (-254)/(-10)*350/10 prime?
False
Let l(y) = -16*y**2 + 7*y**2 + 11*y + 2*y**3 - y + 5 + y. Is l(8) prime?
True
Suppose 3*d - p = 5 + 5, 0 = -3*p + 6. Suppose 3*b - d = k, 4 = -2*b - k + 3*k. Is 166 - (0 + (b - 0)) composite?
False
Suppose 1 = -2*m + b + 3, m = -5*b - 21. Is ((326/(-4))/(-1))/(m/(-10)) a composite number?
True
Let i(p) = p - 1. Let o be i(1). Suppose o = 6*c - c. Suppose 4*h + 95 - 547 = c. Is h composite?
False
Let h(f) = -109*f**2 + 3*f + 2. Let y be h(-2). Let k = 569 - y. Is k prime?
True
Suppose 0 = -10*q + 6*q. Suppose -3*p = 2*b - 5, -b - 8 = 5*p - 21. Suppose -441 = -k + 5*t, -5*k + 2261 = -q*k + p*t. Is k a prime number?
False
Suppose -3*n + 1422 = j - 5*j, -2*n = j - 948. Suppose -4*f = -5*p - 2486, -2340 + n = -3*f + 3*p. Let x = -371 + f. Is x composite?
True
Is (-8792)/(-5) + ((-168)/35)/(-8) a prime number?
True
Let i(v) = 38*v**2 - 5*v - 29. Is i(-30) a composite number?
True
Let x be (68 - -5)/(((-6)/4)/(-3)). Suppose -2*d + x = -80. Is d composite?
False
Suppose n - 4*a = 4*n + 2, -4*n - 4*a = 0. Suppose -n*u + 4*u = 332. Let f = u - 107. Is f a prime number?
True
Suppose -2*h = -8 + 2. Suppose 4*f - 991 = h*l, -3*f - 1240 = -8*f + 4*l. Suppose -10*b - f = -12*b. Is b a prime number?
False
Let l(j) = -5*j. Let y be l(-6). Suppose -5*w - y = -4*s, -3*s = s - w - 22. Suppose -s*r - 5*a + 615 = 0, 3*r - 434 = 2*a - 45. Is r composite?
False
Let u = 340 - -1331. Let n = u + -1184. Is n composite?
False
Let m(v) = 123*v**2 - v + 1. Let z be m(2). Let l = z - 153. Suppose y = -5*t + 819, t + 3*y - l = -t. Is t prime?
True
Suppose -26*l - 15*l = -2519573. Is l a composite number?
True
Let v be 299/91 + (-2)/7. Suppose 2*i + 93 = o, 4*o + 15 = v*i + 397. Is o a prime number?
True
Let r(o) = 11*o**2 + 2*o. Let a be r(12). Suppose 3*n - 15813 = a. Is n prime?
True
Let l be -106*1/2*6. Let d(c) = -449*c - 91. Let t be d(-2). Let j = l + t. Is j a prime number?
False
Suppose -3*a + 55 = 388. Let l = 154 - a. Is l composite?
True
Suppose 3*s = -4*n + 1, 4*s - 1 = -2*n + 7. Is (48 + n)*(-1 + 2) prime?
False
Let h = 14 - 26. Let n be h/(-2)*(-40)/(-30). Let c = 3 + n. Is c a prime number?
True
Is (21269/(-4))/(8/(-32)) a prime number?
True
Let f(x) be the first derivative of -7*x**4/4 + 2*x**3/3 + x**2 + 4*x - 13. Is f(-5) a prime number?
True
Let k(t) = -t**2 - 9*t - 11. Let x be k(-7). Let v(i) = i**2 - 3*i + 4. Let u be v(x). Suppose 0*n - u*n = -1516. Is n a prime number?
True
Let n(o) = o + 81. Suppose -5 - 3 = -2*r, -4*a + 20 = 5*r. Let f be n(a). Is 0 + f + 2 + -1 a prime number?
False
Let w(n) = n**3 + 32*n**2 - 20*n + 59. Is w(-32) prime?
False
Suppose 103*g = 38*g + 9295. Is g prime?
False
Suppose 39*n - 227 = 280. Let d(b) = 41*b + 24*b - 14*b + 22. Is d(n) a prime number?
False
Suppose -4*r = -5*q - 21, -3*q = -4*r + q + 24. Is 1063/(-8)*-2 + r/(-12) composite?
True
Let l be 738/3*4/12. Let p = 623 - l. Is p a prime number?
True
Suppose -4*v = -10*v + 24. Suppose -v*l + 272 = -356. Is l a prime number?
True
Is 2/(15/(231720/16)) composite?
False
Let z be (3/6)/((-1)/(-10)). Suppose 1287 = z*i + 157. Is i composite?
True
Suppose t = 5, -8*t = -3*u - 12*t + 37067. Is u a composite number?
True
Suppose x = -3*i + 230, -x + 5*i - 236 = -2*x. Let d be 4*(-6 + 5) + 1117. Suppose 0 = 4*t - d + x. Is t prime?
True
Let o(w) = -11*w**2 + w - 6. Let t be o(-5). Let j = t + 444. Suppose 4*v + 2*r - 354 = 0, -2*r = 5*v + j - 599. Is v a composite number?
True
Let t(z) be the second derivative of z**5/20 + 7*z**4/12 - 7*z**3/6 - 6*z**2 - z. Let g be t(-8). Let s = g - -39. Is s a prime number?
True
Suppose 50*u = 47*u - 1428. Suppose 0 = 3*d + 2*o - 2561, 0 = 3*d + o - 506 - 2060. Let x = u + d. Is x composite?
True
Let o = -1321 - -2280. Is (5 + -6)/((-1)/o) composite?
True
Let z(r) = 43*r**2 - 51*r - 351. Is z(70) prime?
True
Suppose 0 = -3*h + 13 - 4. Suppose h*a + q = -2*q + 2253, -4*a + 3002 = 5*q. Is a a prime number?
False
Suppose y + 35 = 5*i, -3*i + y = 2*y - 13. Let g be 156 - (i + (-9)/3). Suppose -g - 58 = -d. Is d prime?
True
Let p be (6/(-2))/(3/4). Let v(i) = 23*i + 5. Let x(a) = -20*a - 5. Let d(r) = 5*v(r) + 6*x(r). Is d(p) prime?
False
Suppose d + 5*v - 205 = 0, -3*d = -2*v - 798 + 200. Suppose -2*f = -914 - d. Is f prime?
True
Suppose -4*w + 8*w = 3*l + 4, -4*l - 20 = 2*w. Is (-1)/(w/5 - 35827/(-89705)) composite?
True
Suppose 14615 + 8318 = 19*g. Is g a prime number?
False
Suppose 4*n = 4*v + 180, -4*n - 55 = 3*v + 45. Suppose -2*b - 15 = 5*p, -4*p + 0*p + b = 25. Let s = p - v. Is s a composite number?
True
Suppose 3*m - 10629 = -4*q, 5*q + 3*m - 13281 = m. Let s = q + -1564. Let h = s - 586. Is h a prime number?
False
Let k(c) be the second derivative of 7*c**5/10 + c**4/6 - c**3/3 - 3*c**2/2 + 3*c. Let p be k(-3). Let w = p - -502. Is w a prime number?
False
Let s = -27 + 35. Let b = -5 + s. Suppose 0 = b*w - 850 - 29. Is w composite?
False
Suppose 4*x - 3*y = 16119, x = 2*x + 2*y - 4016. Is x/18 - 4/6 a composite number?
False
Let y(s) = 19*s**2 - 6*s + 3. Is y(10) prime?
False
Let j(v) = -1005*v**3 - 8*v**2 - 12*v - 24. Is j(-5) a prime number?
False
Suppo